{"id":48,"date":"2003-04-30T00:00:57","date_gmt":"2003-04-29T23:00:57","guid":{"rendered":"http:\/\/www.unionbanka.cz\/?page_id=48"},"modified":"2017-02-07T13:34:43","modified_gmt":"2017-02-07T12:34:43","slug":"spravce-konkursni-podstaty-skp","status":"publish","type":"page","link":"https:\/\/www.unionbanka.cz\/?page_id=48","title":{"rendered":"Spr\u00e1vce konkursn\u00ed podstaty"},"content":{"rendered":"<p><strong><img loading=\"lazy\" decoding=\"async\" class=\"size-full wp-image-68 alignright\" src=\"http:\/\/www.unionbanka.cz\/wp-content\/uploads\/2016\/12\/skp.jpg\" alt=\"skp\" width=\"200\" height=\"195\" \/>Mgr. Luk\u00e1\u0161 Raida<\/strong><br \/>\n(do funkce byl jmenov\u00e1n 19. srpna 2005. Od prohl\u00e1\u0161en\u00ed konkursu 29. kv\u011btna 2003 do 19.\u00a0srpna 2005 vykon\u00e1vala funkci spr\u00e1vkyn\u011b konkursn\u00ed podstaty Ing. Michaela Huserov\u00e1).<\/p>\n<p>Narozen 7. dubna 1975 v Ostrav\u011b.<\/p>\n<p>Vzd\u011bl\u00e1n\u00ed:<br \/>\n<strong>1993 &#8211; 1994 Vysok\u00e1 \u0161kola b\u00e1\u0148sk\u00e1 v Ostrav\u011b, fakulta elektrotechnick\u00e1 (1 ro\u010dn\u00edk)<\/strong><br \/>\n<strong>1994 &#8211; 1999 Masarykova universita v Brn\u011b, fakulta pr\u00e1vnick\u00e1 (1999 &#8211; st\u00e1tn\u00ed magistersk\u00e1 zkou\u0161ka)<\/strong><\/p>\n<p>Profesion\u00e1ln\u00ed praxe:<br \/>\n<strong>1999 &#8211; 2002 Praxe advok\u00e1tn\u00edho koncipienta (2002 &#8211; advok\u00e1tn\u00ed zkou\u0161ka)<\/strong><br \/>\n<strong>2003 &#8211; 2012 V\u00fdkon advokacie<\/strong><\/p>\n","protected":false},"excerpt":{"rendered":"<p>Mgr. Luk\u00e1\u0161 Raida (do funkce byl jmenov\u00e1n 19. srpna 2005. Od prohl\u00e1\u0161en\u00ed konkursu 29. kv\u011btna 2003 do 19.\u00a0srpna 2005 vykon\u00e1vala funkci spr\u00e1vkyn\u011b konkursn\u00ed podstaty Ing. Michaela Huserov\u00e1). Narozen 7. dubna 1975 v Ostrav\u011b. Vzd\u011bl\u00e1n\u00ed: 1993 &#8211; 1994 Vysok\u00e1 \u0161kola b\u00e1\u0148sk\u00e1 v Ostrav\u011b, fakulta elektrotechnick\u00e1 (1 ro\u010dn\u00edk) 1994 &#8211; 1999 Masarykova universita v Brn\u011b, fakulta pr\u00e1vnick\u00e1\u2026 <span class=\"read-more\"><a href=\"https:\/\/www.unionbanka.cz\/?page_id=48\">Cel\u00fd \u010dl\u00e1nek &raquo;<\/a><\/span><\/p>\n","protected":false},"author":3,"featured_media":0,"parent":0,"menu_order":0,"comment_status":"closed","ping_status":"closed","template":"","meta":{"footnotes":""},"_links":{"self":[{"href":"https:\/\/www.unionbanka.cz\/index.php?rest_route=\/wp\/v2\/pages\/48"}],"collection":[{"href":"https:\/\/www.unionbanka.cz\/index.php?rest_route=\/wp\/v2\/pages"}],"about":[{"href":"https:\/\/www.unionbanka.cz\/index.php?rest_route=\/wp\/v2\/types\/page"}],"author":[{"embeddable":true,"href":"https:\/\/www.unionbanka.cz\/index.php?rest_route=\/wp\/v2\/users\/3"}],"replies":[{"embeddable":true,"href":"https:\/\/www.unionbanka.cz\/index.php?rest_route=%2Fwp%2Fv2%2Fcomments&post=48"}],"version-history":[{"count":7,"href":"https:\/\/www.unionbanka.cz\/index.php?rest_route=\/wp\/v2\/pages\/48\/revisions"}],"predecessor-version":[{"id":969,"href":"https:\/\/www.unionbanka.cz\/index.php?rest_route=\/wp\/v2\/pages\/48\/revisions\/969"}],"wp:attachment":[{"href":"https:\/\/www.unionbanka.cz\/index.php?rest_route=%2Fwp%2Fv2%2Fmedia&parent=48"}],"curies":[{"name":"wp","href":"https:\/\/api.w.org\/{rel}","templated":true}]}}